{"id":1467,"date":"2017-04-28T07:56:13","date_gmt":"2017-04-28T07:56:13","guid":{"rendered":"http:\/\/themes.hody.co\/bezel\/?page_id=13"},"modified":"2024-07-18T15:18:20","modified_gmt":"2024-07-18T18:18:20","slug":"trabalhe-conosco","status":"publish","type":"page","link":"https:\/\/techrj.com.br\/index.php\/trabalhe-conosco\/","title":{"rendered":"Trabalhe Conosco"},"content":{"rendered":"<p>[vc_row parallax=&#8221;content-moving&#8221; parallax_image=&#8221;1830&#8243;][vc_column][vc_empty_space height=&#8221;100px&#8221;]<div class=\"title text-center\"><h1 class=\"\"  >Vem ser Tech RJ<\/h1><\/div>[\/vc_column][\/vc_row][vc_row css=&#8221;.vc_custom_1715718111843{margin-bottom: 0px !important;border-bottom-width: 0px !important;padding-left: 20px !important;}&#8221; el_id=&#8221;somos&#8221;][vc_column width=&#8221;1\/2&#8243; offset=&#8221;vc_hidden-md vc_hidden-sm vc_hidden-xs&#8221;][vc_row_inner][vc_column_inner]<div class=\"title\"><h2 class=\"\"   data-bigletter=\"Q\">Quem somos<\/h2><\/div>[vc_wp_text]Somos uma empresa de contabilidade com mais de 40 anos de experi\u00eancia no mercado, fundada por Wilson Corn\u00e9lio e Gilberto Corn\u00e9lio e atualmente gerida por Raphael Soares. Ao longo de nossa trajet\u00f3ria, nos destacamos por nosso atendimento ao cliente de excel\u00eancia e nossa dedica\u00e7\u00e3o \u00e0 qualidade dos servi\u00e7os prestados.<\/p>\n<p><span style=\"font-weight: 400;\">Nosso diferencial est\u00e1 em nosso enfoque humanizado: priorizamos a qualidade de vida de nossos funcion\u00e1rios, proporcionando um ambiente de trabalho saud\u00e1vel e acolhedor. Valorizamos o bem-estar de nossa equipe, pois acreditamos que isso se reflete em um ambiente de trabalho produtivo e em relacionamentos profissionais positivos.<\/span><\/p>\n<p><span style=\"font-weight: 400;\">Oferecemos oportunidades para crescimento profissional e pessoal. Buscamos continuamente aprimorar nossas pr\u00e1ticas para manter um ambiente de trabalho din\u00e2mico e inspirador.<\/span><\/p>\n<p><span style=\"font-weight: 400;\">Nossa empresa valoriza a integridade, a colabora\u00e7\u00e3o e o respeito em todas as intera\u00e7\u00f5es. Se voc\u00ea est\u00e1 procurando um lugar onde possa se desenvolver profissionalmente enquanto faz parte de uma equipe dedicada e acolhedora, convidamos voc\u00ea a conhecer mais sobre n\u00f3s e considerar uma carreira conosco.[\/vc_wp_text][\/vc_column_inner][\/vc_row_inner][\/vc_column][vc_column width=&#8221;1\/2&#8243; offset=&#8221;vc_hidden-md vc_hidden-sm vc_hidden-xs&#8221;][vc_single_image image=&#8221;1908&#8243; img_size=&#8221;full&#8221; alignment=&#8221;center&#8221; style=&#8221;vc_box_rounded&#8221;][\/vc_column][\/vc_row][vc_row css=&#8221;.vc_custom_1715718103221{margin-bottom: 0px !important;border-bottom-width: 0px !important;}&#8221; el_id=&#8221;somos-mobile&#8221;][vc_column width=&#8221;1\/2&#8243; offset=&#8221;vc_hidden-lg&#8221;][vc_single_image image=&#8221;1908&#8243; img_size=&#8221;full&#8221; alignment=&#8221;center&#8221; style=&#8221;vc_box_rounded&#8221;][\/vc_column][vc_column width=&#8221;1\/2&#8243; offset=&#8221;vc_hidden-lg&#8221;][vc_row_inner][vc_column_inner]<div class=\"title\"><h2 class=\"\"   data-bigletter=\"Q\">Quem somos<\/h2><\/div>[vc_wp_text]Somos uma empresa de contabilidade com mais de 40 anos de experi\u00eancia no mercado, fundada por Wilson Corn\u00e9lio e Gilberto Corn\u00e9lio e atualmente gerida por Raphael Soares. Ao longo de nossa trajet\u00f3ria, nos destacamos por nosso atendimento ao cliente de excel\u00eancia e nossa dedica\u00e7\u00e3o \u00e0 qualidade dos servi\u00e7os prestados.<\/span><\/p>\n<p><span style=\"font-weight: 400;\">Nosso diferencial est\u00e1 em nosso enfoque humanizado: priorizamos a qualidade de vida de nossos funcion\u00e1rios, proporcionando um ambiente de trabalho saud\u00e1vel e acolhedor. Valorizamos o bem-estar de nossa equipe, pois acreditamos que isso se reflete em um ambiente de trabalho produtivo e em relacionamentos profissionais positivos.<\/span><\/p>\n<p><span style=\"font-weight: 400;\">Oferecemos oportunidades para crescimento profissional e pessoal. Buscamos continuamente aprimorar nossas pr\u00e1ticas para manter um ambiente de trabalho din\u00e2mico e inspirador.<\/span><\/p>\n<p><span style=\"font-weight: 400;\">Nossa empresa valoriza a integridade, a colabora\u00e7\u00e3o e o respeito em todas as intera\u00e7\u00f5es. Se voc\u00ea est\u00e1 procurando um lugar onde possa se desenvolver profissionalmente enquanto faz parte de uma equipe dedicada e acolhedora, convidamos voc\u00ea a conhecer mais sobre n\u00f3s e considerar uma carreira conosco.[\/vc_wp_text][\/vc_column_inner][\/vc_row_inner][\/vc_column][\/vc_row][vc_row css=&#8221;.vc_custom_1715198025202{margin-top: 0px !important;border-top-width: 0px !important;padding-top: 0px !important;}&#8221;][vc_column]<div class=\"title\"><h2 class=\"\"   data-bigletter=\"N\">Nossos valores<\/h2><\/div>[vc_wp_text]Na Tech RJ, cultivamos parcerias genu\u00ednas com nossos clientes e adotamos uma abordagem estrat\u00e9gica em rela\u00e7\u00e3o \u00e0 tecnologia. Valorizamos rela\u00e7\u00f5es fundadas na confian\u00e7a e compreens\u00e3o m\u00fatua, enquanto fazemos uso de ferramentas tecnol\u00f3gicas avan\u00e7adas para impulsionar o crescimento e a efici\u00eancia empresarial. Colocamos o cliente no centro de nossos interesses, e a entrega de um servi\u00e7o de excel\u00eancia \u00e9 um dos nossos principais compromissos. Nossa busca pela excel\u00eancia e integridade, nos posiciona como l\u00edderes e inovadores no setor cont\u00e1bil, sempre empenhados no sucesso de nossos clientes.[\/vc_wp_text][\/vc_column][\/vc_row][vc_row full_width=&#8221;stretch_row_content_no_spaces&#8221; el_id=&#8221;teste&#8221;][vc_column width=&#8221;1\/2&#8243; offset=&#8221;vc_hidden-md vc_hidden-sm vc_hidden-xs&#8221;][vc_single_image image=&#8221;1827&#8243; img_size=&#8221;full&#8221; css=&#8221;.vc_custom_1721324043707{padding-left: 20px !important;}&#8221;][\/vc_column][vc_column width=&#8221;1\/2&#8243; css=&#8221;.vc_custom_1715717535892{margin-right: 90px !important;border-right-width: 90px !important;padding-right: 90px !important;}&#8221; offset=&#8221;vc_hidden-md vc_hidden-sm vc_hidden-xs&#8221;]<div class=\"title\"><h2 class=\"\"   data-bigletter=\"F\">Fa\u00e7a parte da nossa equipe<\/h2><\/div>\n<div class=\"wpcf7 no-js\" id=\"wpcf7-f1910-o1\" lang=\"en-US\" dir=\"ltr\">\n<div class=\"screen-reader-response\"><p role=\"status\" aria-live=\"polite\" aria-atomic=\"true\"><\/p> <ul><\/ul><\/div>\n<form action=\"\/index.php\/wp-json\/wp\/v2\/pages\/1467#wpcf7-f1910-o1\" method=\"post\" class=\"wpcf7-form init\" aria-label=\"Contact form\" enctype=\"multipart\/form-data\" novalidate=\"novalidate\" data-status=\"init\">\n<div style=\"display: none;\">\n<input type=\"hidden\" name=\"_wpcf7\" value=\"1910\" \/>\n<input type=\"hidden\" name=\"_wpcf7_version\" value=\"5.9.7\" \/>\n<input type=\"hidden\" name=\"_wpcf7_locale\" value=\"en_US\" \/>\n<input type=\"hidden\" name=\"_wpcf7_unit_tag\" value=\"wpcf7-f1910-o1\" \/>\n<input type=\"hidden\" name=\"_wpcf7_container_post\" value=\"0\" \/>\n<input type=\"hidden\" name=\"_wpcf7_posted_data_hash\" value=\"\" \/>\n<\/div>\n<p><label> Nome<br \/>\n<span class=\"wpcf7-form-control-wrap\" data-name=\"your-name\"><input size=\"40\" maxlength=\"400\" class=\"wpcf7-form-control wpcf7-text wpcf7-validates-as-required\" autocomplete=\"name\" aria-required=\"true\" aria-invalid=\"false\" value=\"\" type=\"text\" name=\"your-name\" \/><\/span> <\/label>\n<\/p>\n<p><label> E-mail<br \/>\n<span class=\"wpcf7-form-control-wrap\" data-name=\"your-email\"><input size=\"40\" maxlength=\"400\" class=\"wpcf7-form-control wpcf7-email wpcf7-validates-as-required wpcf7-text wpcf7-validates-as-email\" autocomplete=\"email\" aria-required=\"true\" aria-invalid=\"false\" value=\"\" type=\"email\" name=\"your-email\" \/><\/span> <\/label>\n<\/p>\n<p><span class=\"wpcf7-form-control-wrap\" data-name=\"file-377\"><input size=\"40\" class=\"wpcf7-form-control wpcf7-file wpcf7-validates-as-required\" accept=\"audio\/*,video\/*,image\/*\" aria-required=\"true\" aria-invalid=\"false\" type=\"file\" name=\"file-377\" \/><\/span>\n<\/p>\n<p><input class=\"wpcf7-form-control wpcf7-submit has-spinner\" type=\"submit\" value=\"Enviar\" \/>\n<\/p><div class=\"wpcf7-response-output\" aria-hidden=\"true\"><\/div>\n<\/form>\n<\/div>\n[\/vc_column][\/vc_row][vc_row el_id=&#8221;teste-mobile&#8221;][vc_column width=&#8221;1\/2&#8243; offset=&#8221;vc_hidden-lg&#8221;][vc_single_image image=&#8221;1827&#8243; img_size=&#8221;full&#8221; alignment=&#8221;center&#8221;][\/vc_column][vc_column width=&#8221;1\/2&#8243; offset=&#8221;vc_hidden-lg&#8221;]<div class=\"title\"><h2 class=\"\"   data-bigletter=\"F\">Fa\u00e7a parte da nossa equipe<\/h2><\/div>\n<div class=\"wpcf7 no-js\" id=\"wpcf7-f1910-o2\" lang=\"en-US\" dir=\"ltr\">\n<div class=\"screen-reader-response\"><p role=\"status\" aria-live=\"polite\" aria-atomic=\"true\"><\/p> <ul><\/ul><\/div>\n<form action=\"\/index.php\/wp-json\/wp\/v2\/pages\/1467#wpcf7-f1910-o2\" method=\"post\" class=\"wpcf7-form init\" aria-label=\"Contact form\" enctype=\"multipart\/form-data\" novalidate=\"novalidate\" data-status=\"init\">\n<div style=\"display: none;\">\n<input type=\"hidden\" name=\"_wpcf7\" value=\"1910\" \/>\n<input type=\"hidden\" name=\"_wpcf7_version\" value=\"5.9.7\" \/>\n<input type=\"hidden\" name=\"_wpcf7_locale\" value=\"en_US\" \/>\n<input type=\"hidden\" name=\"_wpcf7_unit_tag\" value=\"wpcf7-f1910-o2\" \/>\n<input type=\"hidden\" name=\"_wpcf7_container_post\" value=\"0\" \/>\n<input type=\"hidden\" name=\"_wpcf7_posted_data_hash\" value=\"\" \/>\n<\/div>\n<p><label> Nome<br \/>\n<span class=\"wpcf7-form-control-wrap\" data-name=\"your-name\"><input size=\"40\" maxlength=\"400\" class=\"wpcf7-form-control wpcf7-text wpcf7-validates-as-required\" autocomplete=\"name\" aria-required=\"true\" aria-invalid=\"false\" value=\"\" type=\"text\" name=\"your-name\" \/><\/span> <\/label>\n<\/p>\n<p><label> E-mail<br \/>\n<span class=\"wpcf7-form-control-wrap\" data-name=\"your-email\"><input size=\"40\" maxlength=\"400\" class=\"wpcf7-form-control wpcf7-email wpcf7-validates-as-required wpcf7-text wpcf7-validates-as-email\" autocomplete=\"email\" aria-required=\"true\" aria-invalid=\"false\" value=\"\" type=\"email\" name=\"your-email\" \/><\/span> <\/label>\n<\/p>\n<p><span class=\"wpcf7-form-control-wrap\" data-name=\"file-377\"><input size=\"40\" class=\"wpcf7-form-control wpcf7-file wpcf7-validates-as-required\" accept=\"audio\/*,video\/*,image\/*\" aria-required=\"true\" aria-invalid=\"false\" type=\"file\" name=\"file-377\" \/><\/span>\n<\/p>\n<p><input class=\"wpcf7-form-control wpcf7-submit has-spinner\" type=\"submit\" value=\"Enviar\" \/>\n<\/p><div class=\"wpcf7-response-output\" aria-hidden=\"true\"><\/div>\n<\/form>\n<\/div>\n[\/vc_column][\/vc_row][vc_row full_width=&#8221;stretch_row_content_no_spaces&#8221; css=&#8221;.vc_custom_1495529256977{padding-top: 0px !important;padding-bottom: 0px !important;}&#8221;][vc_column][vc_row_inner equal_height=&#8221;yes&#8221;][vc_column_inner width=&#8221;1\/3&#8243; css=&#8221;.vc_custom_1494670687614{padding-top: 65px !important;padding-right: 50px !important;padding-bottom: 65px !important;padding-left: 50px !important;}&#8221;]<div class=\"icon-box align-center  \" ><i class=\"hc-pin\" ><\/i><div class=\"ib-content\"><h4 class=\" \"><\/h4><p>\u00a0<\/span><\/p>\n<h3><b>Nosso Endere\u00e7o<\/b><\/h3>\n<p>Rep\u00fablica do L\u00edbano, 61 &#8211; Sl 1004<\/p>\n<p><span style=\"font-weight: 400;\">Centro &#8211; RJ | CEP 20061-030<\/span><\/p><\/div><\/div>[\/vc_column_inner][vc_column_inner width=&#8221;1\/3&#8243; css=&#8221;.vc_custom_1494670887004{padding-top: 65px !important;padding-right: 50px !important;padding-bottom: 65px !important;padding-left: 50px !important;background-color: #f7f7f7 !important;}&#8221;]<div class=\"icon-box align-center  \" ><i class=\"hc-mail-open\" ><\/i><div class=\"ib-content\"><h4 class=\" \"><\/h4><p><\/p>\n<h3><b>Nosso E-mail<\/b><\/h3>\n<p><span style=\"font-weight: 400;\">recepcao@techrj.com.br<\/p><\/div><\/div>[\/vc_column_inner][vc_column_inner el_class=&#8221;dark-bg&#8221; width=&#8221;1\/3&#8243; css=&#8221;.vc_custom_1494670899525{padding-top: 65px !important;padding-right: 50px !important;padding-bottom: 65px !important;padding-left: 50px !important;}&#8221;]<div class=\"icon-box align-center  \" ><i class=\"hc-megaphone\" ><\/i><div class=\"ib-content\"><h4 class=\" \"><\/h4><p><\/span><\/p>\n<h3><b>Nosso Telefone<\/b><\/h3>\n<p><span style=\"font-weight: 400;\">(21) 2224-3108<\/p><\/div><\/div>[\/vc_column_inner][\/vc_row_inner][\/vc_column][\/vc_row]<\/span><\/p>\n","protected":false},"excerpt":{"rendered":"<p>[vc_row parallax=&#8221;content-moving&#8221; parallax_image=&#8221;1830&#8243;][vc_column][vc_empty_space height=&#8221;100px&#8221;][\/vc_column][\/vc_row][vc_row css=&#8221;.vc_custom_1715718111843{margin-bottom: 0px !important;border-bottom-width: 0px !important;padding-left: 20px !important;}&#8221; el_id=&#8221;somos&#8221;][vc_column width=&#8221;1\/2&#8243; offset=&#8221;vc_hidden-md vc_hidden-sm vc_hidden-xs&#8221;][vc_row_inner][vc_column_inner][vc_wp_text]Somos uma empresa de contabilidade com mais de 40 anos de experi\u00eancia no mercado, fundada por Wilson Corn\u00e9lio e Gilberto Corn\u00e9lio e atualmente gerida por Raphael Soares. Ao longo de nossa trajet\u00f3ria, nos destacamos por nosso atendimento ao cliente de [&hellip;]<\/p>\n","protected":false},"author":1,"featured_media":0,"parent":0,"menu_order":0,"comment_status":"closed","ping_status":"closed","template":"","meta":{"footnotes":""},"class_list":["post-1467","page","type-page","status-publish","hentry"],"_links":{"self":[{"href":"https:\/\/techrj.com.br\/index.php\/wp-json\/wp\/v2\/pages\/1467","targetHints":{"allow":["GET"]}}],"collection":[{"href":"https:\/\/techrj.com.br\/index.php\/wp-json\/wp\/v2\/pages"}],"about":[{"href":"https:\/\/techrj.com.br\/index.php\/wp-json\/wp\/v2\/types\/page"}],"author":[{"embeddable":true,"href":"https:\/\/techrj.com.br\/index.php\/wp-json\/wp\/v2\/users\/1"}],"replies":[{"embeddable":true,"href":"https:\/\/techrj.com.br\/index.php\/wp-json\/wp\/v2\/comments?post=1467"}],"version-history":[{"count":9,"href":"https:\/\/techrj.com.br\/index.php\/wp-json\/wp\/v2\/pages\/1467\/revisions"}],"predecessor-version":[{"id":1915,"href":"https:\/\/techrj.com.br\/index.php\/wp-json\/wp\/v2\/pages\/1467\/revisions\/1915"}],"wp:attachment":[{"href":"https:\/\/techrj.com.br\/index.php\/wp-json\/wp\/v2\/media?parent=1467"}],"curies":[{"name":"wp","href":"https:\/\/api.w.org\/{rel}","templated":true}]}}